{"id":294,"date":"2021-05-04T09:56:19","date_gmt":"2021-05-04T07:56:19","guid":{"rendered":"http:\/\/dd4p.gesis.org\/?page_id=294"},"modified":"2021-05-05T16:50:15","modified_gmt":"2021-05-05T14:50:15","slug":"testpage","status":"publish","type":"page","link":"https:\/\/dd4p.gesis.org\/index.php\/testpage\/","title":{"rendered":"KI-basiertes Verstehen von Online Solidarit\u00e4ts-Diskursen f\u00fcr evidenzbasierte Politikgestaltung."},"content":{"rendered":"\n<p>F\u00fcr evidenzbasierte Politikgestaltung und deren ad\u00e4quate \u00f6ffentliche Vermittlung ist ein Verst\u00e4ndnis gesellschaftlicher Diskurse sowie deren zeitlicher Entwicklung und Abh\u00e4ngigkeit von gesellschaftlichen und medialen Ereignissen notwendig. Gerade bei sich dynamisch entwickelnden politischen Handlungsfeldern wie der Corona-Pandemie, Migrations- oder Klimapolitik bieten Daten aus Social Media Diskursen M\u00f6glichkeiten, gesellschaftliche Trends, Meinungsbilder und Verhaltensintentionen zu erkennen. Das interdisziplin\u00e4re Projekt DiscourseData4Policy (DD4P) zielt darauf ab, mithilfe von Methoden aus KI und maschinellem Lernen gesellschaftliche Onlinediskurse auf Twitter versteh- und nutzbar zu machen, um ein besseres Verst\u00e4ndnis dynamischer Wechselwirkungen zwischen gesellschaftlichen Ereignissen, politischen Ma\u00dfnahmen und deren gesellschaftlicher Akzeptanz zu erm\u00f6glichen. Vor diesem Hintergrund untersucht das Projekt weiterhin, inwiefern solche Diskursdaten den politischen Prozess informieren k\u00f6nnen und welche Auswirkungen dies auf Wahrnehmungen der B\u00fcrger \u00fcber Politik hat.<\/p>\n\n\n\n<h3 class=\"wp-block-heading\" id=\"block-81149058-b918-4443-b28f-a7e4dccbd8ba\">Team:<\/h3>\n\n\n\n<div class=\"wp-block-columns is-layout-flex wp-container-core-columns-is-layout-1 wp-block-columns-is-layout-flex\">\n<div class=\"wp-block-column is-vertically-aligned-center is-layout-flow wp-block-column-is-layout-flow\">\n<figure class=\"wp-block-image size-large is-resized is-style-rounded\"><img decoding=\"async\" src=\"https:\/\/dd4p.gesis.org\/wp-content\/uploads\/2021\/02\/dietze-e1612367068294.jpg\" alt=\"Prof. Dr. Stefan Dietze\" class=\"wp-image-161\" width=\"100\" height=\"100\"\/><figcaption><em>Prof. Dr. Stefan Dietze<\/em><\/figcaption><\/figure>\n<\/div>\n\n\n\n<div class=\"wp-block-column is-vertically-aligned-center is-layout-flow wp-block-column-is-layout-flow\">\n<figure class=\"wp-block-image size-large is-resized is-style-rounded\"><img decoding=\"async\" src=\"https:\/\/dd4p.gesis.org\/wp-content\/uploads\/2021\/02\/marcinkowski-e1612367743393.jpg?w=600\" alt=\"Prof. Dr. Frank Marcinkowski\" class=\"wp-image-169\" width=\"100\" height=\"100\"\/><figcaption>Prof. Dr. Frank Marcinkowski<\/figcaption><\/figure>\n<\/div>\n\n\n\n<div class=\"wp-block-column is-layout-flow wp-block-column-is-layout-flow\">\n<figure class=\"wp-block-image size-large is-resized is-style-rounded\"><img decoding=\"async\" src=\"https:\/\/dd4p.gesis.org\/wp-content\/uploads\/2021\/02\/starke-e1612367840696.jpg?w=600\" alt=\"Dr. des. Christopher Starke\" class=\"wp-image-171\" width=\"100\" height=\"100\"\/><figcaption>Dr. Christopher Starke<\/figcaption><\/figure>\n<\/div>\n\n\n\n<div class=\"wp-block-column is-layout-flow wp-block-column-is-layout-flow\">\n<figure class=\"wp-block-image size-large is-resized is-style-rounded\"><img loading=\"lazy\" decoding=\"async\" src=\"https:\/\/dd4p.gesis.org\/wp-content\/uploads\/2021\/02\/boland-e1612367633637.jpeg?w=230\" alt=\"\" class=\"wp-image-167\" width=\"100\" height=\"100\"\/><figcaption>Katarina Boland<\/figcaption><\/figure>\n<\/div>\n<\/div>\n\n\n\n<div class=\"wp-block-columns is-layout-flex wp-container-core-columns-is-layout-2 wp-block-columns-is-layout-flex\">\n<div class=\"wp-block-column is-layout-flow wp-block-column-is-layout-flow\">\n<figure class=\"wp-block-image size-large is-resized is-style-rounded\"><img loading=\"lazy\" decoding=\"async\" src=\"https:\/\/dd4p.gesis.org\/wp-content\/uploads\/2021\/02\/mauve.jpg?w=500\" alt=\"\" class=\"wp-image-250\" width=\"100\" height=\"100\"\/><figcaption>Prof. Dr. Martin Mauve<\/figcaption><\/figure>\n<\/div>\n\n\n\n<div class=\"wp-block-column is-layout-flow wp-block-column-is-layout-flow\">\n<figure class=\"wp-block-image size-large is-resized is-style-rounded\"><img loading=\"lazy\" decoding=\"async\" src=\"https:\/\/dd4p.gesis.org\/wp-content\/uploads\/2021\/02\/escher.jpg?w=250\" alt=\"\" class=\"wp-image-252\" width=\"100\" height=\"100\"\/><figcaption>Jun. Prof. Dr. Tobias Escher<\/figcaption><\/figure>\n<\/div>\n\n\n\n<div class=\"wp-block-column is-layout-flow wp-block-column-is-layout-flow\">\n<figure class=\"wp-block-image size-large is-resized is-style-rounded\"><img loading=\"lazy\" decoding=\"async\" src=\"https:\/\/dd4p.gesis.org\/wp-content\/uploads\/2021\/02\/harmeling.jpg?w=400\" alt=\"\" class=\"wp-image-254\" width=\"100\" height=\"100\"\/><figcaption>Prof. Dr. Stefan Harmeling<\/figcaption><\/figure>\n<\/div>\n\n\n\n<div class=\"wp-block-column is-layout-flow wp-block-column-is-layout-flow\">\n<figure class=\"wp-block-image size-large is-resized is-style-rounded\"><img loading=\"lazy\" decoding=\"async\" src=\"https:\/\/dd4p.gesis.org\/wp-content\/uploads\/2021\/02\/eilders.jpg?w=250\" alt=\"\" class=\"wp-image-256\" width=\"100\" height=\"100\"\/><figcaption>Prof. Dr. Christiane Eilders<\/figcaption><\/figure>\n<\/div>\n<\/div>\n\n\n\n<div class=\"wp-block-columns is-layout-flex wp-container-core-columns-is-layout-3 wp-block-columns-is-layout-flex\">\n<div class=\"wp-block-column is-layout-flow wp-block-column-is-layout-flow\">\n<figure class=\"wp-block-image size-large is-resized is-style-rounded\"><img loading=\"lazy\" decoding=\"async\" src=\"https:\/\/dd4p.gesis.org\/wp-content\/uploads\/2021\/02\/conrad-2.jpg?w=250\" alt=\"\" class=\"wp-image-265\" width=\"100\" height=\"100\"\/><figcaption>Prof. Dr. Stefan Conrad<\/figcaption><\/figure>\n<\/div>\n\n\n\n<div class=\"wp-block-column is-layout-flow wp-block-column-is-layout-flow\">\n<figure class=\"wp-block-image size-large is-resized is-style-rounded\"><img decoding=\"async\" src=\"https:\/\/dd4p.gesis.org\/wp-content\/uploads\/2021\/02\/kallmeyer-3-edited-1.jpg\" alt=\"\" class=\"wp-image-272\" width=\"100\"\/><figcaption>Prof. Dr. Laura Kallmeyer<\/figcaption><\/figure>\n<\/div>\n\n\n\n<div class=\"wp-block-column is-layout-flow wp-block-column-is-layout-flow\"><\/div>\n\n\n\n<div class=\"wp-block-column is-layout-flow wp-block-column-is-layout-flow\"><\/div>\n<\/div>\n\n\n\n<p>Heinrich Heine University D\u00fcsseldorf (HHU)<\/p>\n\n\n\n<div class=\"wp-block-columns is-layout-flex wp-container-core-columns-is-layout-4 wp-block-columns-is-layout-flex\">\n<div class=\"wp-block-column is-layout-flow wp-block-column-is-layout-flow\">\n<h3 class=\"wp-block-heading\">Publications:<\/h3>\n\n\n<ul class=\"wp-block-latest-posts__list wp-block-latest-posts-custom wp-block-latest-posts\"><li><a class=\"wp-block-latest-posts__post-title\" href=\"https:\/\/dd4p.gesis.org\/index.php\/2021\/02\/03\/tweetscov19-a-knowledge-base-of-semantically-annotated-tweets-about-the-covid-19-pandemic\/\">TweetsCOV19 | Semantically annotated tweets<\/a><\/li>\n<li><a class=\"wp-block-latest-posts__post-title\" href=\"https:\/\/dd4p.gesis.org\/index.php\/2021\/02\/03\/the-threats-of-ai-scale-tai-development-measurement-and-test-over-three-application-domains\/\">Threats of AI Scale<\/a><\/li>\n<li><a class=\"wp-block-latest-posts__post-title\" href=\"https:\/\/dd4p.gesis.org\/index.php\/2021\/02\/03\/implications-of-ai-un-fairness-in-higher-education-admissions\/\">AI (un)fairness<\/a><\/li>\n<li><a class=\"wp-block-latest-posts__post-title\" href=\"https:\/\/dd4p.gesis.org\/index.php\/2021\/02\/03\/ai-for-eu-decision-making\/\">AI for EU decision-making<\/a><\/li>\n<\/ul><\/div>\n\n\n\n<div class=\"wp-block-column is-layout-flow wp-block-column-is-layout-flow\">\n<h3 class=\"wp-block-heading\">Links:<\/h3>\n\n\n\n<ul class=\"wp-block-list\"><li><a href=\"https:\/\/data.gesis.org\/tweetskb\/\">TweetsKB&nbsp;<\/a><\/li><li><a href=\"https:\/\/data.gesis.org\/tweetscov19\/\">TweetsCOV19<\/a><\/li><\/ul>\n<\/div>\n<\/div>\n\n\n\n<p>&nbsp;<\/p>\n","protected":false},"excerpt":{"rendered":"<p>F\u00fcr evidenzbasierte Politikgestaltung und deren ad\u00e4quate \u00f6ffentliche Vermittlung ist ein Verst\u00e4ndnis gesellschaftlicher Diskurse sowie deren zeitlicher Entwicklung und Abh\u00e4ngigkeit von gesellschaftlichen und medialen Ereignissen notwendig. Gerade bei sich dynamisch entwickelnden politischen Handlungsfeldern wie der Corona-Pandemie, Migrations- oder Klimapolitik bieten Daten aus Social Media Diskursen M\u00f6glichkeiten, gesellschaftliche Trends, Meinungsbilder und Verhaltensintentionen zu erkennen. Das interdisziplin\u00e4re Projekt [&hellip;]<\/p>\n","protected":false},"author":2,"featured_media":0,"parent":0,"menu_order":0,"comment_status":"closed","ping_status":"closed","template":"","meta":{"footnotes":""},"class_list":["post-294","page","type-page","status-publish","czr-hentry"],"_links":{"self":[{"href":"https:\/\/dd4p.gesis.org\/index.php\/wp-json\/wp\/v2\/pages\/294","targetHints":{"allow":["GET"]}}],"collection":[{"href":"https:\/\/dd4p.gesis.org\/index.php\/wp-json\/wp\/v2\/pages"}],"about":[{"href":"https:\/\/dd4p.gesis.org\/index.php\/wp-json\/wp\/v2\/types\/page"}],"author":[{"embeddable":true,"href":"https:\/\/dd4p.gesis.org\/index.php\/wp-json\/wp\/v2\/users\/2"}],"replies":[{"embeddable":true,"href":"https:\/\/dd4p.gesis.org\/index.php\/wp-json\/wp\/v2\/comments?post=294"}],"version-history":[{"count":5,"href":"https:\/\/dd4p.gesis.org\/index.php\/wp-json\/wp\/v2\/pages\/294\/revisions"}],"predecessor-version":[{"id":348,"href":"https:\/\/dd4p.gesis.org\/index.php\/wp-json\/wp\/v2\/pages\/294\/revisions\/348"}],"wp:attachment":[{"href":"https:\/\/dd4p.gesis.org\/index.php\/wp-json\/wp\/v2\/media?parent=294"}],"curies":[{"name":"wp","href":"https:\/\/api.w.org\/{rel}","templated":true}]}}

KI-basiertes Verstehen von Online Solidaritäts-Diskursen für evidenzbasierte Politikgestaltung.

<p>Für evidenzbasierte Politikgestaltung und deren adäquate öffentliche Vermittlung ist ein Verständnis gesellschaftlicher Diskurse sowie deren zeitlicher Entwicklung und Abhängigkeit von gesellschaftlichen und medialen Ereignissen notwendig. Gerade bei sich dynamisch entwickelnden politischen Handlungsfeldern wie der Corona-Pandemie, Migrations- oder Klimapolitik bieten Daten aus Social Media Diskursen Möglichkeiten, gesellschaftliche Trends, Meinungsbilder und Verhaltensintentionen zu erkennen. Das interdisziplinäre Projekt DiscourseData4Policy (DD4P) zielt darauf ab, mithilfe von Methoden aus KI und maschinellem Lernen gesellschaftliche Onlinediskurse auf Twitter versteh- und nutzbar zu machen, um ein besseres Verständnis dynamischer Wechselwirkungen zwischen gesellschaftlichen Ereignissen, politischen Maßnahmen und deren gesellschaftlicher Akzeptanz zu ermöglichen. Vor diesem Hintergrund untersucht das Projekt weiterhin, inwiefern solche Diskursdaten den politischen Prozess informieren können und welche Auswirkungen dies auf Wahrnehmungen der Bürger über Politik hat.</p>



<h3 class="wp-block-heading" id="block-81149058-b918-4443-b28f-a7e4dccbd8ba">Team:</h3>



<div class="wp-block-columns is-layout-flex wp-container-core-columns-is-layout-1 wp-block-columns-is-layout-flex">
<div class="wp-block-column is-vertically-aligned-center is-layout-flow wp-block-column-is-layout-flow">
<figure class="wp-block-image size-large is-resized is-style-rounded"><img decoding="async" src="https://dd4p.gesis.org/wp-content/uploads/2021/02/dietze-e1612367068294.jpg" alt="Prof. Dr. Stefan Dietze" class="wp-image-161" width="100" height="100"/><figcaption><em>Prof. Dr. Stefan Dietze</em></figcaption></figure>
</div>



<div class="wp-block-column is-vertically-aligned-center is-layout-flow wp-block-column-is-layout-flow">
<figure class="wp-block-image size-large is-resized is-style-rounded"><img decoding="async" src="https://dd4p.gesis.org/wp-content/uploads/2021/02/marcinkowski-e1612367743393.jpg?w=600" alt="Prof. Dr. Frank Marcinkowski" class="wp-image-169" width="100" height="100"/><figcaption>Prof. Dr. Frank Marcinkowski</figcaption></figure>
</div>



<div class="wp-block-column is-layout-flow wp-block-column-is-layout-flow">
<figure class="wp-block-image size-large is-resized is-style-rounded"><img decoding="async" src="https://dd4p.gesis.org/wp-content/uploads/2021/02/starke-e1612367840696.jpg?w=600" alt="Dr. des. Christopher Starke" class="wp-image-171" width="100" height="100"/><figcaption>Dr. Christopher Starke</figcaption></figure>
</div>



<div class="wp-block-column is-layout-flow wp-block-column-is-layout-flow">
<figure class="wp-block-image size-large is-resized is-style-rounded"><img loading="lazy" decoding="async" src="https://dd4p.gesis.org/wp-content/uploads/2021/02/boland-e1612367633637.jpeg?w=230" alt="" class="wp-image-167" width="100" height="100"/><figcaption>Katarina Boland</figcaption></figure>
</div>
</div>



<div class="wp-block-columns is-layout-flex wp-container-core-columns-is-layout-2 wp-block-columns-is-layout-flex">
<div class="wp-block-column is-layout-flow wp-block-column-is-layout-flow">
<figure class="wp-block-image size-large is-resized is-style-rounded"><img loading="lazy" decoding="async" src="https://dd4p.gesis.org/wp-content/uploads/2021/02/mauve.jpg?w=500" alt="" class="wp-image-250" width="100" height="100"/><figcaption>Prof. Dr. Martin Mauve</figcaption></figure>
</div>



<div class="wp-block-column is-layout-flow wp-block-column-is-layout-flow">
<figure class="wp-block-image size-large is-resized is-style-rounded"><img loading="lazy" decoding="async" src="https://dd4p.gesis.org/wp-content/uploads/2021/02/escher.jpg?w=250" alt="" class="wp-image-252" width="100" height="100"/><figcaption>Jun. Prof. Dr. Tobias Escher</figcaption></figure>
</div>



<div class="wp-block-column is-layout-flow wp-block-column-is-layout-flow">
<figure class="wp-block-image size-large is-resized is-style-rounded"><img loading="lazy" decoding="async" src="https://dd4p.gesis.org/wp-content/uploads/2021/02/harmeling.jpg?w=400" alt="" class="wp-image-254" width="100" height="100"/><figcaption>Prof. Dr. Stefan Harmeling</figcaption></figure>
</div>



<div class="wp-block-column is-layout-flow wp-block-column-is-layout-flow">
<figure class="wp-block-image size-large is-resized is-style-rounded"><img loading="lazy" decoding="async" src="https://dd4p.gesis.org/wp-content/uploads/2021/02/eilders.jpg?w=250" alt="" class="wp-image-256" width="100" height="100"/><figcaption>Prof. Dr. Christiane Eilders</figcaption></figure>
</div>
</div>



<div class="wp-block-columns is-layout-flex wp-container-core-columns-is-layout-3 wp-block-columns-is-layout-flex">
<div class="wp-block-column is-layout-flow wp-block-column-is-layout-flow">
<figure class="wp-block-image size-large is-resized is-style-rounded"><img loading="lazy" decoding="async" src="https://dd4p.gesis.org/wp-content/uploads/2021/02/conrad-2.jpg?w=250" alt="" class="wp-image-265" width="100" height="100"/><figcaption>Prof. Dr. Stefan Conrad</figcaption></figure>
</div>



<div class="wp-block-column is-layout-flow wp-block-column-is-layout-flow">
<figure class="wp-block-image size-large is-resized is-style-rounded"><img decoding="async" src="https://dd4p.gesis.org/wp-content/uploads/2021/02/kallmeyer-3-edited-1.jpg" alt="" class="wp-image-272" width="100"/><figcaption>Prof. Dr. Laura Kallmeyer</figcaption></figure>
</div>



<div class="wp-block-column is-layout-flow wp-block-column-is-layout-flow"></div>



<div class="wp-block-column is-layout-flow wp-block-column-is-layout-flow"></div>
</div>



<p>Heinrich Heine University Düsseldorf (HHU)</p>



<div class="wp-block-columns is-layout-flex wp-container-core-columns-is-layout-4 wp-block-columns-is-layout-flex">
<div class="wp-block-column is-layout-flow wp-block-column-is-layout-flow">
<h3 class="wp-block-heading">Publications:</h3>


<ul class="wp-block-latest-posts__list wp-block-latest-posts-custom wp-block-latest-posts"><li><a class="wp-block-latest-posts__post-title" href="https://dd4p.gesis.org/index.php/2021/02/03/tweetscov19-a-knowledge-base-of-semantically-annotated-tweets-about-the-covid-19-pandemic/">TweetsCOV19 | Semantically annotated tweets</a></li>
<li><a class="wp-block-latest-posts__post-title" href="https://dd4p.gesis.org/index.php/2021/02/03/the-threats-of-ai-scale-tai-development-measurement-and-test-over-three-application-domains/">Threats of AI Scale</a></li>
<li><a class="wp-block-latest-posts__post-title" href="https://dd4p.gesis.org/index.php/2021/02/03/implications-of-ai-un-fairness-in-higher-education-admissions/">AI (un)fairness</a></li>
<li><a class="wp-block-latest-posts__post-title" href="https://dd4p.gesis.org/index.php/2021/02/03/ai-for-eu-decision-making/">AI for EU decision-making</a></li>
</ul></div>



<div class="wp-block-column is-layout-flow wp-block-column-is-layout-flow">
<h3 class="wp-block-heading">Links:</h3>



<ul class="wp-block-list"><li><a href="https://data.gesis.org/tweetskb/">TweetsKB&nbsp;</a></li><li><a href="https://data.gesis.org/tweetscov19/">TweetsCOV19</a></li></ul>
</div>
</div>



<p>&nbsp;</p>

<p>Für evidenzbasierte Politikgestaltung und deren adäquate öffentliche Vermittlung ist ein Verständnis gesellschaftlicher Diskurse sowie deren zeitlicher Entwicklung und Abhängigkeit von gesellschaftlichen und medialen Ereignissen notwendig. Gerade bei sich dynamisch entwickelnden politischen Handlungsfeldern wie der Corona-Pandemie, Migrations- oder Klimapolitik bieten Daten aus Social Media Diskursen Möglichkeiten, gesellschaftliche Trends, Meinungsbilder und Verhaltensintentionen zu erkennen. Das interdisziplinäre Projekt [&hellip;]</p>
